 2 - 2) + 71 + -128 + 67).
-18
Calculate 4 + -8 + 1 + -6 + 30.
21
What is the value of (16 - (-129 + 125 + -1 + 36)) + 14?
-1
Calculate (41 - 65 - -15) + -5 + -95 + 5.
-104
Calculate 810 - 816 - (7 - 5).
-8
Evaluate (2 - 11 - -3) + (-10 - 4 - 1 - -69).
48
What is the value of -33 + (45 - (65 + -73))?
20
-2 - ((-11 - 3) + 13 + -4) - -15
18
What is the value of 62 + -82 - -35 - (-10 + -59)?
84
Calculate -18 + -17 + (-9 - -16) + -1 + 24.
-5
Evaluate -5 + (-10 - 0 - (155 + -171) - (-1 + -14)).
16
What is the value of 1 - (4 + 0 + (-311 - -372) - 10)?
-54
-120 + -6 + (18 - (14 + 3)) + 3
-122
Evaluate 19647 + -19650 - ((0 - -1) + 7 + 2).
-13
-13 - (67 + -5 - 1)
-74
What is 2 - -37 - (220 - 234 - (0 + 3 + -6))?
50
Evaluate (14 - 5) + 26 + (-16 - -5) + 3.
27
Calculate -16 + (9 - (4 + 29)) + -15.
-55
Evaluate 3 - -5 - (-7 + (-8 - 2) + 13 + -33).
45
What is -19 + (11 + 7 + -43 - -46)?
2
50 + (127 + -385 - -116)
-92
What is (-26 + 5 - -62) + (2 + -1 - 10)?
32
What is -1 + (3 + 19 - 14) - (8 - 4 - -62)?
-59
(0 - 1) + 13 - 4 - 8 - (19 - -3)
-22
What is 25 - (-34 - -19 - -57)?
-17
What is -1 - (9 + -15 + 20 + -34)?
19
Calculate -12 + 34 - 8 - ((-9 - -27) + -116).
112
What is -112 + 183 - 89 - (43 + (1 - 0))?
-62
What is (171 - (18 + 74)) + -72?
7
Evaluate -85 - (55 + (-97 - 12)).
-31
What is 17 + -10 + 2 - (214 + -279)?
74
Evaluate -103 + 89 + (22 - 50).
-42
6 + 90 + -139 + (-2 - -21 - 1)
-25
Evaluate -1 + (-11 + 25 - 19) - (-7 + -1 + -1).
3
What is -16 + 35 + -98 - (3 - 7)?
-75
12 + 63 + 1 + -79
-3
What is (10 - 1) + (-36 - (-54 - -9 - -21))?
-3
Calculate 1 - (2 + -1) - 32 - (23 + -14 - 20).
-21
Calculate -98 - (-239 - (-51 - 60)).
30
-120 + -1 - (-3733 - -3540)
72
31 + (17 - 64 - -15) - -25
24
-16 + -2 - (-27 + 59 + -60)
10
Evaluate 47 + 4 + -9 + -1 + (10 - (-6 - -15)).
42
Evaluate 1 + 3 + 40 + -6 + (-6 - -10).
42
Evaluate -20 + 14 - -20 - -2 - (-4 + 5 + 0).
15
What is 17 + (26 - 11 - (5 - 54))?
81
-10 + 12 + (-13 + 8 - -3) - (54 + -3)
-51
-17 - (11 + 19 + -17 - 7)
-23
What is the value of -16 - ((-75 + -22 - -35) + -33)?
79
-135 + 113 + 47 + -1
24
Evaluate 9 + -367 + 391 + 7 + -1 + -11.
28
Calculate 76 + 1 + 3 + -9 - (-69 - -81).
59
Calculate (0 - (2 - 3)) + -2 - (-86 + 52 - -68).
-35
(-6 - (69 + -72)) + -16 + 0
-19
Calculate -1525 + 1594 + (-28 - 1).
40
What is -7 + -11 + 30 + -7 + (103 - 19)?
89
0 - ((7 - 8) + -5 + 38 + -8)
-24
What is -7 + 80 + 0 - (-57 - -70)?
60
What is the value of 2 + (32 - (9 - 23 - -4))?
44
What is -1 + -1 + -1 + -20 + -1 + (5 - -69)?
50
Calculate 60 + 86 + -31 + -64.
51
(0 - (11 - 5)) + 32 + 6 + 3
35
What is (266 - 282) + 8 + 7?
-1
Calculate -126 + (-2 - -106) + -36.
-58
What is the value of 1 - (9 - (41 + (-26 - -34) + -18 + 0))?
23
Evaluate 43 + 103 + -102 - 128.
-84
What is the value of 48 + (2 - 49) - (2 + -73) - 1?
71
What is the value of (846 - 813) + (-7 - (2 - 1))?
25
Calculate (46 - 22) + -22 + 1 - 25.
-22
277 - 271 - (3 + -7)
10
What is the value of (-1 + 6 - (5 + 12 + -2)) + 420 + -454?
-44
Calculate (-5 - -9) + 7 + 29 + 9 + -2 + -10.
37
What is -94 - -54 - -9 - -8?
-23
(-70 - -2) + 2 + (-13 - (8 + -29 + 3))
-61
(-10 - 8) + (-96 - -72)
-42
Calculate (-6 - (3 + 5)) + -13 + (19 - 8).
-16
-29 + (24 - 41) + 4
-42
What is 1 + 1 + 5 + (30 + -39 - -8) - -31?
37
Evaluate 6 + -8 + -34 + -11 + (0 + -7 - 6).
-60
Evaluate (-64 - 9) + 67 - (3 - 3 - -12).
-18
What is -7 - ((-20 - (-25 - 2)) + 2 + -8)?
-8
What is the value of 36 + (59 + -101 - -1)?
-5
What is 4 - (-39 - (-61 + 27))?
9
Calculate (-35 - -32) + 25 + 4 + (-4 - -8).
30
What is -6 - (-7 - (-12 - -11) - (-7 - (-9 + 9)))?
-7
(-17 - (12 - 25 - -8)) + -19
-31
-517 - -449 - (-138 - -21)
49
Calculate (24 - (-347 - -369)) + 1 + -2 + 1 + -89.
-87
What is 45 - 13 - (15 + 7) - 149?
-139
Evaluate -45 - (1 - (-19 + 2) - (-921 - -948)).
-36
Evaluate 4 + (4 - (-17 + 3 + (-13 - -44))).
-9
Evaluate 13 + 18 + -1 + (7 - (2 + 11)) + -5.
19
What is (-99 + 106 - (-1 + -4)) + -53?
-41
(12 - 33) + -6 + (43 - 21)
-5
Calculate 244 - 215 - 26 - (-1 - -81).
-77
Evaluate (0 - -11 - -15 - -16) + -13.
29
Evaluate (0 - 58) + (-14 - -10 - (-7 - 2)).
-53
Calculate 1 + 0 + -18 + 116 + -103.
-4
Evaluate 1 + 2 + 47 + 93 + -79.
64
What is the value of 31 - (45 + (48 - 14 - 29))?
-19
What is the value of -5 - 40 - (-130 - -46)?
39
4 + (6 - -12 - 66) - (4 + 4)
-52
(8 - (10 - (2 - 4))) + 12
8
49 + -108 - (14 - 69)
-4
What is 50 + 0 + (-3989 - -3893)?
-46
Evaluate (2 - (-17 - (-11 + -9 + 8)) - 10) + -74.
-77
Calculate 18 - (18 + (-43 - -16) - -45).
-18
Evaluate 16 - (-4 + 5 - -14) - -63.
64
What is the value of -1 + (-23 - 16) + 15 + 3 + 8?
-14
(-5 - -4) + 5 + (42 - (30 - (8 - -10)))
34
Calculate -303 + 302 + (-3 - 3 - (-28 - 2)).
23
Evaluate -26 + ((30 - 35) + (-4 - -1) - (-20 - -18)).
-32
-9 + (-10 - (-6 + 8 + 25 + -4))
-42
What is the value of (-15 - 4) + 83 + 5?
69
-3 + 9 + 60 + -48 + 27
45
Evaluate -58 - (17 - 48 - 38).
11
What is 20 + (17 - (91 - 49))?
-5
-1 + (2 - 8) + -32 + 11 + 11
-17
What is the value of (52 - (12 - (8 + -22))) + -18?
8
Calculate -56 - (-51 + -66) - (0 + 1 - 4).
64
Calculate 3 + 1 + 1 + (689 - 708) - 3.
-17
(100 - 211 - -41) + 20
-50
What is the value of 1 + -2 - (-18 + (7 - 25) - -43)?
-8
-52 - (1 - 29 - (614 - 643))
-53
Evaluate 19 + -17 + 2 + (7 - (-12 - -15)).
8
Evaluate (-4 + 28 - (0 - 1)) + (3 - (1 + 1)).
26
What is the value of 11 + (-15 - 6) + 11 + -2?
-1
What is the value of 2 + 0 + (-12 - (9 + -14)) - (-81 - -133)?
-57
-45 - 55 - -21 - 41
-120
Evaluate (-2 - -12 - (-187 - -187)) + -12.
-2
66 + (74 + -3 - 78)
59
13 + -15 - (12 + (-12 - 13))
11
What is the value of -15 + -23 + 38 - (-1 + 7) - (0 - -18)?
-24
Calculate -8 + (18 - -6) + 6 + 7.
29
Evaluate 56 + (-63 - -25) + 40.
58
What is -46 + (18 - -7) + -14 + 2?
-33
What is the value of 182 + -89 + 1 - -15?
109
-5 + (25 + 10 - 39)
-9
Evaluate (0 - (-34 + 13 + (14 - 30))) + -1.
36
What is the value of -16 + (3 + (17 - -5) - 13)?
-4
What is (-36 - -4) + (-204 - -215)?
-21
What is -5 + (-16 - 27) - -36?
-12
Evaluate 2 + (14 - (28 - -4)).
-16
Evaluate -2 + 3 + -211 + 32 + 76.
-102
(-23 + 31 - 37) + -35 - -22
-42
Calculate 8 + (-32 - 0) + 36 + 26 + 0.
38
12 + (-49 + 46 - 13 - (53 - 0))
-57
Evaluate -24 + 1 - (12 + (-104 - -103)).
-34
What is the value of (150 + -162 - (0 + -4)) + (-12 - -15) + 39?
34
Evaluate -103 + 75 + 35 - 76.
-69
Calculate (-4 - (1 + 0)) + -4 - ((-23 - -90) + 4).
-80
Evaluate 62 - -205 - 173 - (1 + 3).
90
What is the value of 83 - (31 - 5) - (-3 - 1)?
61
What is the value of 37 - (5 + -6 + 3 - -5)?
30
Evaluate -76 - (-58 + -53 - -64).
-29
Calculate -18 - ((-15 - -1) + 1 - (-764 + 764)).
-5
Calculate -8 - ((16 - 22) + -17 - 59).
74
Evaluate -2 + 11 - (-36 - -21 - 10 - -88).
-54
What is -2 + -6 + (-1649 - -1749)?
92
Evaluate -13 - -8 - ((47 - 8) + 15).
-59
Calculate -2 - (83 + (13 - (-11 - -13)) + -26).
-70
What is the value of 1 + -6 + 19 - -25?
39
-24 + 32 + (-4 - -47) - (80 + -99)
70
What is 137 + (82 + -144 - -45)?
120
What is 2 + -4 + 23 + 12 + -1 + (-35 - -31)?
28
Calculate 66 + -105 + 114 - 53.
22
(-2 - 6) + -4 + (-36 - -75)
27
What is (-7 - 16 - 0) + (18 - 6)?
-11
Calculate 122 - -1 - (5174 - 5102).
51
Calculate -37 + 2 + 20 - (-10 - (5 + -4)).
-4
-43 + 1 - (-59 + 66 - 19)
-30
What is the value of (-6 - -11) + -9 - 3 - (-19 + 55)?
-43
Evaluate -3 + 39 - ((7 - (4 + -1)) + -1 + -1).
34
Evaluate -16 - (-91 + -1 + (25 - -6)).
45
(-134 - (42 + -49 + -21)) + 0 + -24
-130
What is the value of 1416 + -1423 - (-3 + -42 - -4)?
34
Evaluate -75 + 95 - (53 - (16 - 8)).
-25
What is the value of 200 + -218 + (-11 - 38)?
-67
What is the value of (-21 + (13 - -8) - -4) + -23?
-19
Calculate -60 + (55 - (34 - -21)).
-60
Calculate (-43 - (-72 + -7)) + 15.
51
Calculate 31 - (-54 + (85 - (-48 + 88))).
40
What is the value of -9 + (8 - (-127 + (-9 - 12) + 12))?
135
What is the value of 15 + (3 - 1) + -278 + 261 - (0 + 121)?
-121
What is the value of 44 + (-20 - (-7 - -6)) + -39 + 45?
31
Calculate -7 + 0 + -42 + 76.
27
What is the value of (-9 + 23 - -4) + -46?
-28
(7 - 3) + -53 + -1 + (4 - (17 - 5))
-58
What is 3148 - 3175 - (1 - 3 - 32)?
7
Calculate -38 + -62 - -35 - (-6 + (-4 - 5)).
-50
What is the value of -1 - -22 - 8 - (377 - 325)?
-39
(-19 - -29 - -64) + 19 + 1
94
(429 - 223) + -202 + (-42 - ((-1 - 0) + 0))
-37
What 